y 65?
54
What is the remainder when 160 is divided by 29?
15
Calculate the remainder when 539 is divided by 9.
8
Calculate the remainder when 316 is divided by 8.
4
Calculate the remainder when 1403 is divided by 365.
308
Calculate the remainder when 748 is divided by 75.
73
Calculate the remainder when 1319 is divided by 263.
4
Calculate the remainder when 6180 is divided by 9.
6
What is the remainder when 12976 is divided by 7?
5
What is the remainder when 6795 is divided by 103?
100
What is the remainder when 970 is divided by 27?
25
Calculate the remainder when 1461 is divided by 17.
16
What is the remainder when 1154 is divided by 380?
14
What is the remainder when 97 is divided by 14?
13
What is the remainder when 63 is divided by 49?
14
What is the remainder when 198 is divided by 54?
36
Calculate the remainder when 242 is divided by 23.
12
What is the remainder when 62 is divided by 38?
24
Calculate the remainder when 59 is divided by 12.
11
Calculate the remainder when 428 is divided by 9.
5
What is the remainder when 241 is divided by 223?
18
What is the remainder when 812 is divided by 220?
152
Calculate the remainder when 328 is divided by 35.
13
What is the remainder when 8638 is divided by 45?
43
Calculate the remainder when 5 is divided by 1.
0
Calculate the remainder when 548 is divided by 29.
26
What is the remainder when 337 is divided by 103?
28
What is the remainder when 54 is divided by 30?
24
Calculate the remainder when 4179 is divided by 34.
31
What is the remainder when 828 is divided by 52?
48
What is the remainder when 2735 is divided by 170?
15
What is the remainder when 203 is divided by 98?
7
Calculate the remainder when 1631 is divided by 34.
33
Calculate the remainder when 707 is divided by 349.
9
What is the remainder when 557 is divided by 141?
134
What is the remainder when 461 is divided by 52?
45
Calculate the remainder when 514 is divided by 8.
2
What is the remainder when 748 is divided by 75?
73
Calculate the remainder when 160 is divided by 67.
26
What is the remainder when 6137 is divided by 3067?
3
What is the remainder when 2650 is divided by 15?
10
Calculate the remainder when 2780 is divided by 42.
8
What is the remainder when 44 is divided by 7?
2
Calculate the remainder when 201 is divided by 22.
3
Calculate the remainder when 2032 is divided by 107.
106
Calculate the remainder when 1761 is divided by 28.
25
What is the remainder when 2013 is divided by 106?
105
Calculate the remainder when 2572 is divided by 112.
108
What is the remainder when 121 is divided by 16?
9
Calculate the remainder when 90 is divided by 24.
18
Calculate the remainder when 374 is divided by 128.
118
Calculate the remainder when 18170 is divided by 142.
136
Calculate the remainder when 2788 is divided by 45.
43
Calculate the remainder when 18290 is divided by 11.
8
What is the remainder when 53 is divided by 3?
2
What is the remainder when 471 is divided by 28?
23
What is the remainder when 628 is divided by 9?
7
What is the remainder when 20973 is divided by 437?
434
Calculate the remainder when 1791 is divided by 887.
17
Calculate the remainder when 215 is divided by 19.
6
What is the remainder when 187 is divided by 182?
5
Calculate the remainder when 725 is divided by 73.
68
What is the remainder when 218 is divided by 14?
8
What is the remainder when 57 is divided by 32?
25
What is the remainder when 190 is divided by 39?
34
Calculate the remainder when 460 is divided by 38.
4
What is the remainder when 189 is divided by 65?
59
What is the remainder when 554 is divided by 115?
94
Calculate the remainder when 67 is divided by 29.
9
Calculate the remainder when 49 is divided by 21.
7
Calculate the remainder when 4081 is divided by 13.
12
Calculate the remainder when 551 is divided by 148.
107
Calculate the remainder when 159 is divided by 54.
51
What is the remainder when 61 is divided by 4?
1
Calculate the remainder when 115 is divided by 29.
28
Calculate the remainder when 58 is divided by 17.
7
What is the remainder when 21 is divided by 9?
3
What is the remainder when 447 is divided by 112?
111
Calculate the remainder when 4046 is divided by 81.
77
Calculate the remainder when 91 is divided by 4.
3
What is the remainder when 19 is divided by 4?
3
What is the remainder when 3486 is divided by 231?
21
Calculate the remainder when 171 is divided by 15.
6
Calculate the remainder when 162 is divided by 158.
4
What is the remainder when 621 is divided by 130?
101
Calculate the remainder when 172 is divided by 24.
4
What is the remainder when 870 is divided by 205?
50
What is the remainder when 254 is divided by 4?
2
What is the remainder when 214 is divided by 18?
16
Calculate the remainder when 49 is divided by 33.
16
What is the remainder when 127 is divided by 44?
39
What is the remainder when 5724 is divided by 25?
24
What is the remainder when 454 is divided by 42?
34
What is the remainder when 1686 is divided by 403?
74
What is the remainder when 406 is divided by 41?
37
Calculate the remainder when 1117 is divided by 32.
29
Calculate the remainder when 32 is divided by 20.
12
Calculate the remainder when 771 is divided by 21.
15
What is the remainder when 165 is divided by 19?
13
What is the remainder when 3308 is divided by 43?
40
What is the remainder when 481 is divided by 61?
54
Calculate the remainder when 366 is divided by 20.
6
Calculate the remainder when 1145 is divided by 37.
35
Calculate the remainder when 329 is divided by 32.
9
What is the remainder when 2399 is divided by 185?
179
Calculate the remainder when 76 is divided by 9.
4
Calculate the remainder when 1270 is divided by 12.
10
What is the remainder when 941 is divided by 63?
59
What is the remainder when 384 is divided by 19?
4
Calculate the remainder when 1085 is divided by 123.
101
Calculate the remainder when 378 is divided by 37.
8
Calculate the remainder when 129 is divided by 10.
9
What is the remainder when 163 is divided by 42?
37
What is the remainder when 709 is divided by 135?
34
Calculate the remainder when 1989 is divided by 1985.
4
Calculate the remainder when 600 is divided by 225.
150
Calculate the remainder when 37 is divided by 26.
11
Calculate the remainder when 208 is divided by 207.
1
What is the remainder when 238 is divided by 52?
30
Calculate the remainder when 4218 is divided by 63.
60
What is the remainder when 6078 is divided by 190?
188
Calculate the remainder when 149 is divided by 78.
71
What is the remainder when 805 is divided by 45?
40
What is the remainder when 3586 is divided by 37?
34
What is the remainder when 119 is divided by 7?
0
What is the remainder when 120 is divided by 7?
1
Calculate the remainder when 1418 is divided by 471.
5
Calculate the remainder when 1516 is divided by 19.
15
What is the remainder when 369 is divided by 31?
28
What is the remainder when 225 is divided by 52?
17
Calculate the remainder when 234 is divided by 70.
24
Calculate the remainder when 699 is divided by 54.
51
What is the remainder when 1234 is divided by 169?
51
What is the remainder when 328 is divided by 67?
60
Calculate the remainder when 94 is divided by 12.
10
What is the remainder when 997 is divided by 11?
7
Calculate the remainder when 161 is divided by 9.
8
What is the remainder when 1635 is divided by 117?
114
Calculate the remainder when 141 is divided by 78.
63
Calculate the remainder when 104 is divided by 39.
26
What is the remainder when 136 is divided by 6?
4
What is the remainder when 1168 is divided by 167?
166
What is the remainder when 7211 is divided by 32?
11
What is the remainder when 2791 is divided by 40?
31
What is the remainder when 66 is divided by 49?
17
What is the remainder when 424 is divided by 7?
4
Calculate the remainder when 54 is divided by 18.
0
What is the remainder when 247 is divided by 42?
37
What is the remainder when 575 is divided by 145?
140
Calculate the remainder when 38 is divided by 22.
16
Calculate the remainder when 76 is divided by 49.
27
Calculate the remainder when 769 is divided by 741.
28
What is the remainder when 527 is divided by 23?
21
What is the remainder when 52 is divided by 40?
12
What is the remainder when 57 is divided by 15?
12
What is the remai